= y + 9. Let c be h(0). Calculate the remainder when l is divided by g(c).
4
Let r(q) = -q**2 - 9*q + 10. Calculate the remainder when ((-74)/(-6))/((-2)/(-6)) is divided by r(-9).
7
Let s(i) = i**2 + 2*i. Suppose 5*l + 2*z + 8 + 12 = 0, 5*l - 2*z = 0. Let u be s(l). What is the remainder when 2/(u + (-6)/(-57)) is divided by 10?
9
Suppose 0*x + 167 = 2*x - m, 3*x + m - 248 = 0. Calculate the remainder when x is divided by 17.
15
Let k be -2 + (-4)/(1 - -1). Let x(f) = -2*f**3 - 2*f**2 + 4*f - 2. What is the remainder when x(k) is divided by 16?
14
Suppose -3*t = -305 - 112. What is the remainder when t is divided by 35?
34
Let q = 12 + 21. Let c = -9 + q. Calculate the remainder when 47 is divided by c.
23
Suppose 0 = 5*p + m - 129, 5*p + 4*m - 79 - 47 = 0. Let y(c) = -c + 2. Let i be y(-3). Suppose t = 9 + i. Calculate the remainder when p is divided by t.
12
Suppose 7*r - 127 = 678. Calculate the remainder when r is divided by 17.
13
Suppose 3*t = -t + 456. Calculate the remainder when t is divided by 39.
36
Let c be (-1)/(2 - 54/26). Let s = 19 - c. What is the remainder when 9 is divided by s?
3
Let o = 32 - 22. What is the remainder when 39 is divided by o?
9
Let c be 4 - (1 + -34 + 3). Suppose -4*j = -2*t + 3*t - 10, 3*t = -3*j - 15. Let k = t + c. What is the remainder when k is divided by 13?
11
Suppose 0 = -2*x - 3*w + 91, -2*x + w - 187 = -6*x. What is the remainder when x is divided by 24?
23
Suppose -10 - 80 = -5*w. What is the remainder when 38 is divided by w?
2
Let s(h) = 11*h**2 + 7*h + 8. Suppose 5*d - 4*v = 271 - 93, -4*v = -2*d + 76. What is the remainder when d is divided by s(-1)?
10
Let b(w) = 2*w**2 - 9*w - 4. Let k be b(-6). Suppose -k = -5*o + 43. Suppose -3*h = -o - 9. Calculate the remainder when 26 is divided by h.
12
Let u(m) = m + 6. Let j be u(-9). Let a = j + 21. What is the remainder when 52 is divided by a?
16
Let a = -29 - -51. Calculate the remainder when 624/(-12)*10/(-8) is divided by a.
21
Let k be ((-9)/(-12)*4)/3. Calculate the remainder when 71 - (4 + -8) - k is divided by 19.
17
Let d = 1 + 28. What is the remainder when d is divided by 16?
13
Let z(w) = -w**2 - w + 2. What is the remainder when (33/(-27) - -1) + 276/27 is divided by z(0)?
0
Calculate the remainder when 3269/42 + 2/12 is divided by 40.
38
Let i(l) = -8*l**3 - l**2 - l. Suppose 2*o + o = 12. Calculate the remainder when i(-1) is divided by (o/(-6))/(8/(-36)).
2
Let j = -116 - -145. What is the remainder when j is divided by 6?
5
Suppose 36 = 4*k - 3*n, -5*k - 2*n + 6*n = -45. Suppose 0 = 4*s - k*s. Suppose -3*q + 92 - 14 = s. Calculate the remainder when q is divided by 14.
12
Let c = 11 + -15. Let d(k) = -k**3 - 4*k**2 + k - 2. Let j be d(c). Calculate the remainder when 11 is divided by (-2 + (-3)/(-2))*j.
2
Let u = 13 + 31. What is the remainder when u is divided by 9?
8
Let c = -75 + 126. What is the remainder when 99 is divided by c?
48
Let f be 2 + -1 - (1 - 5). Suppose -f*d - 18 = -123. Calculate the remainder when 62 is divided by d.
20
Suppose 3*g - j - 44 = -0*j, -j + 31 = 2*g. Let l = g + -5. What is the remainder when 38 is divided by l?
8
Suppose 190 = 3*z + 2*a + 26, 0 = 5*z - a - 269. Calculate the remainder when z is divided by 19.
16
Let y(m) be the second derivative of m**5/20 - m**4/6 - m**3 + 5*m**2/2 + 3*m. Calculate the remainder when y(4) is divided by 4.
1
Suppose 52 = -3*k + 4*k. Let u(i) = 3*i**3 + i**2 - 2*i. Calculate the remainder when u(2) is divided by k*((-14)/8 + 2).
11
Let l = 106 - 69. Calculate the remainder when 35 is divided by (l - -1)*(-9)/(-18).
16
Suppose c + c - 6 = 0. What is the remainder when 3 + c*(-32)/(-6) is divided by 11?
8
Let j = 4 - -113. What is the remainder when j is divided by 6?
3
Let j(c) = c + 1. Let n(u) = -2*u - 3. Let o(q) = 7*j(q) + 4*n(q). What is the remainder when o(-14) is divided by 3?
0
Let k(f) = 40*f + 1. Calculate the remainder when k(1) is divided by 11.
8
Suppose -5*r = 3*k - 14 - 86, 5*k + 4*r = 158. What is the remainder when 23 is divided by (4/5)/(2/k)?
11
What is the remainder when (2 - 3 - -48)*1 is divided by 8?
7
Suppose -41 + 121 = 4*m. Calculate the remainder when 78 is divided by m.
18
Let k = -34 + 67. Calculate the remainder when k is divided by (22/4 - (-2 - 1))*2.
16
Let n = -108 + 173. What is the remainder when n is divided by 17 + 0/((-9)/(-3))?
14
Suppose -16 = 3*p - 7*p. Suppose 16 + 0 = 5*c - l, -p*c + 11 = l. Suppose 48 = 5*t + 13. What is the remainder when t is divided by c?
1
Let d(g) = -g**3 - 5*g**2 - 3*g - 11. Calculate the remainder when 33 is divided by d(-5).
1
Let r = -107 - -129. What is the remainder when 152 is divided by r?
20
Suppose -w - 2*w + 54 = -3*y, -3*w - 4*y + 89 = 0. Let k(a) = 5*a**2. Let n be k(1). Suppose -n*m + w = -112. What is the remainder when m is divided by 14?
13
Let u = 17 - 11. Let n be 5/((-10)/u) + 193. What is the remainder when ((-10)/25)/((-2)/n) is divided by 10?
8
Let i = -39 - -54. Let u(a) = -2*a + 0*a**3 - 1 - 21*a**3 - 6*a**3. What is the remainder when u(-1) is divided by i?
13
Let c(z) = -2*z**2 + 22*z + 27. What is the remainder when 55 is divided by c(11)?
1
What is the remainder when 53 is divided by 2/(-9) + (-5 - 110/(-9))?
4
Suppose -a = -6*a + 70. What is the remainder when a is divided by 13?
1
Suppose -15 = 3*q - 8*q. Let r = q - -1. What is the remainder when r is divided by 2?
0
Suppose -2*a + 4*o = -36, -3*a = -2*a + 4*o - 24. Suppose q - a = -3*q. Calculate the remainder when q is divided by 3.
2
Let y = 23 + -8. Calculate the remainder when 2*24/20*y is divided by 13.
10
Suppose -5*d = -3*d. Suppose 4*x - 3*m = -3 - 7, -x - 2*m - 8 = d. Calculate the remainder when 24 is divided by (x + 3)*(0 - 13).
11
Calculate the remainder when 54 is divided by ((-8)/12)/((-2)/57).
16
Suppose 3*l + 2*m = 19, 15 = 2*l + m - 2*m. Suppose 6 = 5*x - 4. Let h = 1 + x. What is the remainder when l is divided by h?
1
Suppose x = 4*b + 30, -2 = -x - 2*b - b. Let j = x + 22. What is the remainder when j is divided by 19?
17
Let x = -12 + 33. Let i(y) = 4*y - 9. What is the remainder when x is divided by i(5)?
10
Let k(y) be the second derivative of y**2/2 + 2*y. Let c(t) = -4*t + 12. Let u(a) = -2*c(a) + 22*k(a). What is the remainder when u(3) is divided by 12?
10
Let q(o) = 6*o**2 + 3*o - 2. Let n be q(2). Let d = 20 - 18. Suppose -n - 8 = -p - d*c, 3*p = -4*c + 116. Calculate the remainder when p is divided by 15.
14
Suppose 0 = 3*g + g - 20. Suppose 0 = g*n + 4*s - 31, n - 4*s + 3*s = 8. What is the remainder when 27 is divided by n?
6
Let i = -49 + -95. What is the remainder when 10/3*i/(-15) is divided by 11?
10
Suppose 14*b = 9*b + 90. Suppose 2*s = -4 + b. What is the remainder when 25 is divided by s?
4
Let y(r) = r**2 - 5*r. Let g be y(5). Suppose 5*c - k - 55 = g, k = -2*c - 4*k + 22. What is the remainder when 21 is divided by c?
10
Let f(h) = -h - 8. Let l be f(-8). Let j = 95 + -40. What is the remainder when j is divided by 2*((-19)/(-2) - l)?
17
Let g(p) = -p**3 - 8*p**2 - 1. Let j be g(-8). What is the remainder when 65 is divided by j + 2 + -3 + 24?
21
Suppose -2*j = -4*l + 788, 6*j = j - 20. Suppose -2*m - 2*c - 75 = 3*c, 4*m + c = -l. Let p = 95 + m. Calculate the remainder when p is divided by 16.
13
Let r = -22 + 16. Let p be (-14)/r - 6/(-9). Suppose p*b - 5*q = 22 + 23, -2*b + 30 = 3*q. Calculate the remainder when 28 is divided by b.
13
Calculate the remainder when 0 + -1 - -1 - -2 is divided by 2*-4*(-1)/4.
0
Let i be 0 + -3 - (-26)/2. Let s = i + 6. What is the remainder when s is divided by 9?
7
What is the remainder when (-102)/(-10) + 3/(-15) is divided by 3?
1
Let s(g) = -g**3 - 6*g**2 - 11*g + 4. What is the remainder when s(-5) is divided by 9?
7
Suppose 39 + 0 = 3*z. Suppose -3*o - 6*u = -3*u - 21, -o = 4*u - z. What is the remainder when o is divided by 2?
1
Calculate the remainder when 3/2 - 16/(-32) is divided by 2.
0
Suppose 0 = 2*b - 4*b. Let a = 13 + b. Calculate the remainder when a is divided by (2/1)/(4/14).
6
Let g be 2/7 - (-466)/(-14). What is the remainder when 10 is divided by 1/3 + g/(-9)?
2
Let b(h) = h**2 - 5*h + 16. Let o be b(7). Suppose -2*x + x = -o. What is the remainder when 58 is divided by x?
28
Let o = -11 + 18. Let r be 4/(-6)*-2*24.